{"id":599,"date":"2019-04-12T17:15:02","date_gmt":"2019-04-12T17:15:02","guid":{"rendered":"http:\/\/mabcomunicaciones.cl\/web\/inicio\/inicio\/inicio\/inicio\/inicio\/?page_id=599"},"modified":"2019-04-15T15:20:03","modified_gmt":"2019-04-15T15:20:03","slug":"servicios","status":"publish","type":"page","link":"http:\/\/mabcomunicaciones.cl\/web\/servicios\/","title":{"rendered":"Servicios"},"content":{"rendered":"<p>[vc_row][vc_column][vc_custom_heading text=\u00bbServicios\u00bb font_container=\u00bbtag:h2|font_size:40%20px|text_align:center|color:%23f6a400|line_height:1.5&#8243; google_fonts=\u00bbfont_family:Roboto%3A100%2C100italic%2C300%2C300italic%2Cregular%2Citalic%2C500%2C500italic%2C700%2C700italic%2C900%2C900italic|font_style:300%20light%20regular%3A300%3Anormal\u00bb][vc_zigzag el_width=\u00bb20&#8243;][vc_empty_space][\/vc_column][\/vc_row][vc_row full_width=\u00bbstretch_row_content\u00bb gap=\u00bb30&#8243;][vc_column width=\u00bb1\/3&#8243;][vc_single_image image=\u00bb605&#8243; img_size=\u00bb130&#215;130&#8243; alignment=\u00bbcenter\u00bb][vc_custom_heading text=\u00bbDiagn\u00f3stico de Comunicaciones y Dise\u00f1o Estrat\u00e9gico de planes de comunicaci\u00f3n.\u00bb font_container=\u00bbtag:h2|font_size:17|text_align:center|color:%234f4f4f|line_height:1.5&#8243; google_fonts=\u00bbfont_family:Roboto%3A100%2C100italic%2C300%2C300italic%2Cregular%2Citalic%2C500%2C500italic%2C700%2C700italic%2C900%2C900italic|font_style:400%20regular%3A400%3Anormal\u00bb][\/vc_column][vc_column width=\u00bb1\/3&#8243;][vc_single_image image=\u00bb613&#8243; img_size=\u00bb130&#215;130&#8243; alignment=\u00bbcenter\u00bb][vc_custom_heading text=\u00bbDesarrollo Medios de Comunicaci\u00f3n corporativa y campa\u00f1as de marketing interno.\u00bb font_container=\u00bbtag:h2|font_size:17|text_align:center|color:%234f4f4f|line_height:1.5&#8243; google_fonts=\u00bbfont_family:Roboto%3A100%2C100italic%2C300%2C300italic%2Cregular%2Citalic%2C500%2C500italic%2C700%2C700italic%2C900%2C900italic|font_style:400%20regular%3A400%3Anormal\u00bb][\/vc_column][vc_column width=\u00bb1\/3&#8243;][vc_single_image image=\u00bb616&#8243; img_size=\u00bb130&#215;130&#8243; alignment=\u00bbcenter\u00bb][vc_custom_heading text=\u00bbTalleres de Comunicaci\u00f3n Efectiva<br \/>\ny definici\u00f3n de Pilares Corporativos.\u00bb font_container=\u00bbtag:h2|font_size:17|text_align:center|color:%234f4f4f|line_height:1.5&#8243; google_fonts=\u00bbfont_family:Roboto%3A100%2C100italic%2C300%2C300italic%2Cregular%2Citalic%2C500%2C500italic%2C700%2C700italic%2C900%2C900italic|font_style:400%20regular%3A400%3Anormal\u00bb][\/vc_column][\/vc_row][vc_row full_width=\u00bbstretch_row_content\u00bb gap=\u00bb30&#8243;][vc_column width=\u00bb1\/3&#8243;][vc_single_image image=\u00bb620&#8243; img_size=\u00bb130&#215;130&#8243; alignment=\u00bbcenter\u00bb][vc_custom_heading text=\u00bbCultura<br \/>\nOrganizacional\u00bb font_container=\u00bbtag:h2|font_size:17|text_align:center|color:%234f4f4f|line_height:1.5&#8243; google_fonts=\u00bbfont_family:Roboto%3A100%2C100italic%2C300%2C300italic%2Cregular%2Citalic%2C500%2C500italic%2C700%2C700italic%2C900%2C900italic|font_style:400%20regular%3A400%3Anormal\u00bb][\/vc_column][vc_column width=\u00bb1\/3&#8243;][vc_single_image image=\u00bb621&#8243; img_size=\u00bb130&#215;130&#8243; alignment=\u00bbcenter\u00bb][vc_custom_heading text=\u00bbComunicaci\u00f3n Directa<br \/>\ny Liderazgo\u00bb font_container=\u00bbtag:h2|font_size:17|text_align:center|color:%234f4f4f|line_height:1.5&#8243; google_fonts=\u00bbfont_family:Roboto%3A100%2C100italic%2C300%2C300italic%2Cregular%2Citalic%2C500%2C500italic%2C700%2C700italic%2C900%2C900italic|font_style:400%20regular%3A400%3Anormal\u00bb][\/vc_column][vc_column width=\u00bb1\/3&#8243;][vc_single_image image=\u00bb622&#8243; img_size=\u00bb130&#215;130&#8243; alignment=\u00bbcenter\u00bb][vc_custom_heading text=\u00bbGesti\u00f3n de Prensa y manejo<br \/>\nde crisis comunicacional\u00bb font_container=\u00bbtag:h2|font_size:17|text_align:center|color:%234f4f4f|line_height:1.5&#8243; google_fonts=\u00bbfont_family:Roboto%3A100%2C100italic%2C300%2C300italic%2Cregular%2Citalic%2C500%2C500italic%2C700%2C700italic%2C900%2C900italic|font_style:400%20regular%3A400%3Anormal\u00bb][\/vc_column][\/vc_row]<\/p>\n","protected":false},"excerpt":{"rendered":"<p>[vc_row][vc_column][vc_custom_heading text=\u00bbServicios\u00bb font_container=\u00bbtag:h2|font_size:40%20px|text_align:center|color:%23f6a400|line_height:1.5&#8243; google_fonts=\u00bbfont_family:Roboto%3A100%2C100italic%2C300%2C300italic%2Cregular%2Citalic%2C500%2C500italic%2C700%2C700italic%2C900%2C900italic|font_style:300%20light%20regular%3A300%3Anormal\u00bb][vc_zigzag el_width=\u00bb20&#8243;][vc_empty_space][\/vc_column][\/vc_row][vc_row full_width=\u00bbstretch_row_content\u00bb gap=\u00bb30&#8243;][vc_column width=\u00bb1\/3&#8243;][vc_single_image image=\u00bb605&#8243; img_size=\u00bb130&#215;130&#8243; alignment=\u00bbcenter\u00bb][vc_custom_heading text=\u00bbDiagn\u00f3stico de Comunicaciones y Dise\u00f1o Estrat\u00e9gico de planes de comunicaci\u00f3n.\u00bb font_container=\u00bbtag:h2|font_size:17|text_align:center|color:%234f4f4f|line_height:1.5&#8243; google_fonts=\u00bbfont_family:Roboto%3A100%2C100italic%2C300%2C300italic%2Cregular%2Citalic%2C500%2C500italic%2C700%2C700italic%2C900%2C900italic|font_style:400%20regular%3A400%3Anormal\u00bb][\/vc_column][vc_column width=\u00bb1\/3&#8243;][vc_single_image image=\u00bb613&#8243; img_size=\u00bb130&#215;130&#8243; alignment=\u00bbcenter\u00bb][vc_custom_heading text=\u00bbDesarrollo Medios de Comunicaci\u00f3n corporativa y campa\u00f1as de marketing interno.\u00bb font_container=\u00bbtag:h2|font_size:17|text_align:center|color:%234f4f4f|line_height:1.5&#8243; google_fonts=\u00bbfont_family:Roboto%3A100%2C100italic%2C300%2C300italic%2Cregular%2Citalic%2C500%2C500italic%2C700%2C700italic%2C900%2C900italic|font_style:400%20regular%3A400%3Anormal\u00bb][\/vc_column][vc_column width=\u00bb1\/3&#8243;][vc_single_image image=\u00bb616&#8243; img_size=\u00bb130&#215;130&#8243; alignment=\u00bbcenter\u00bb][vc_custom_heading text=\u00bbTalleres de Comunicaci\u00f3n Efectiva<br \/>\ny definici\u00f3n de Pilares Corporativos.\u00bb font_container=\u00bbtag:h2|font_size:17|text_align:center|color:%234f4f4f|line_height:1.5&#8243; google_fonts=\u00bbfont_family:Roboto%3A100%2C100italic%2C300%2C300italic%2Cregular%2Citalic%2C500%2C500italic%2C700%2C700italic%2C900%2C900italic|font_style:400%20regular%3A400%3Anormal\u00bb][\/vc_column][\/vc_row][vc_row full_width=\u00bbstretch_row_content\u00bb gap=\u00bb30&#8243;][vc_column width=\u00bb1\/3&#8243;][vc_single_image image=\u00bb620&#8243; img_size=\u00bb130&#215;130&#8243; alignment=\u00bbcenter\u00bb][vc_custom_heading text=\u00bbCultura<br \/>\nOrganizacional\u00bb font_container=\u00bbtag:h2|font_size:17|text_align:center|color:%234f4f4f|line_height:1.5&#8243; google_fonts=\u00bbfont_family:Roboto%3A100%2C100italic%2C300%2C300italic%2Cregular%2Citalic%2C500%2C500italic%2C700%2C700italic%2C900%2C900italic|font_style:400%20regular%3A400%3Anormal\u00bb][\/vc_column][vc_column width=\u00bb1\/3&#8243;][vc_single_image image=\u00bb621&#8243; img_size=\u00bb130&#215;130&#8243; alignment=\u00bbcenter\u00bb][vc_custom_heading text=\u00bbComunicaci\u00f3n Directa<br \/>\ny Liderazgo\u00bb font_container=\u00bbtag:h2|font_size:17|text_align:center|color:%234f4f4f|line_height:1.5&#8243; google_fonts=\u00bbfont_family:Roboto%3A100%2C100italic%2C300%2C300italic%2Cregular%2Citalic%2C500%2C500italic%2C700%2C700italic%2C900%2C900italic|font_style:400%20regular%3A400%3Anormal\u00bb][\/vc_column][vc_column width=\u00bb1\/3&#8243;][vc_single_image image=\u00bb622&#8243; img_size=\u00bb130&#215;130&#8243; alignment=\u00bbcenter\u00bb][vc_custom_heading text=\u00bbGesti\u00f3n de &#8230;<\/p>\n","protected":false},"author":1,"featured_media":0,"parent":0,"menu_order":0,"comment_status":"closed","ping_status":"closed","template":"","meta":[],"_links":{"self":[{"href":"http:\/\/mabcomunicaciones.cl\/web\/wp-json\/wp\/v2\/pages\/599"}],"collection":[{"href":"http:\/\/mabcomunicaciones.cl\/web\/wp-json\/wp\/v2\/pages"}],"about":[{"href":"http:\/\/mabcomunicaciones.cl\/web\/wp-json\/wp\/v2\/types\/page"}],"author":[{"embeddable":true,"href":"http:\/\/mabcomunicaciones.cl\/web\/wp-json\/wp\/v2\/users\/1"}],"replies":[{"embeddable":true,"href":"http:\/\/mabcomunicaciones.cl\/web\/wp-json\/wp\/v2\/comments?post=599"}],"version-history":[{"count":26,"href":"http:\/\/mabcomunicaciones.cl\/web\/wp-json\/wp\/v2\/pages\/599\/revisions"}],"predecessor-version":[{"id":633,"href":"http:\/\/mabcomunicaciones.cl\/web\/wp-json\/wp\/v2\/pages\/599\/revisions\/633"}],"wp:attachment":[{"href":"http:\/\/mabcomunicaciones.cl\/web\/wp-json\/wp\/v2\/media?parent=599"}],"curies":[{"name":"wp","href":"https:\/\/api.w.org\/{rel}","templated":true}]}}

<p>[vc_row][vc_column][vc_custom_heading text=»Servicios» font_container=»tag:h2|font_size:40%20px|text_align:center|color:%23f6a400|line_height:1.5&#8243; google_fonts=»font_family:Roboto%3A100%2C100italic%2C300%2C300italic%2Cregular%2Citalic%2C500%2C500italic%2C700%2C700italic%2C900%2C900italic|font_style:300%20light%20regular%3A300%3Anormal»][vc_zigzag el_width=»20&#8243;][vc_empty_space][/vc_column][/vc_row][vc_row full_width=»stretch_row_content» gap=»30&#8243;][vc_column width=»1/3&#8243;][vc_single_image image=»605&#8243; img_size=»130&#215;130&#8243; alignment=»center»][vc_custom_heading text=»Diagnóstico de Comunicaciones y Diseño Estratégico de planes de comunicación.» font_container=»tag:h2|font_size:17|text_align:center|color:%234f4f4f|line_height:1.5&#8243; google_fonts=»font_family:Roboto%3A100%2C100italic%2C300%2C300italic%2Cregular%2Citalic%2C500%2C500italic%2C700%2C700italic%2C900%2C900italic|font_style:400%20regular%3A400%3Anormal»][/vc_column][vc_column width=»1/3&#8243;][vc_single_image image=»613&#8243; img_size=»130&#215;130&#8243; alignment=»center»][vc_custom_heading text=»Desarrollo Medios de Comunicación corporativa y campañas de marketing interno.» font_container=»tag:h2|font_size:17|text_align:center|color:%234f4f4f|line_height:1.5&#8243; google_fonts=»font_family:Roboto%3A100%2C100italic%2C300%2C300italic%2Cregular%2Citalic%2C500%2C500italic%2C700%2C700italic%2C900%2C900italic|font_style:400%20regular%3A400%3Anormal»][/vc_column][vc_column width=»1/3&#8243;][vc_single_image image=»616&#8243; img_size=»130&#215;130&#8243; alignment=»center»][vc_custom_heading text=»Talleres de Comunicación Efectiva<br />
y definición de Pilares Corporativos.» font_container=»tag:h2|font_size:17|text_align:center|color:%234f4f4f|line_height:1.5&#8243; google_fonts=»font_family:Roboto%3A100%2C100italic%2C300%2C300italic%2Cregular%2Citalic%2C500%2C500italic%2C700%2C700italic%2C900%2C900italic|font_style:400%20regular%3A400%3Anormal»][/vc_column][/vc_row][vc_row full_width=»stretch_row_content» gap=»30&#8243;][vc_column width=»1/3&#8243;][vc_single_image image=»620&#8243; img_size=»130&#215;130&#8243; alignment=»center»][vc_custom_heading text=»Cultura<br />
Organizacional» font_container=»tag:h2|font_size:17|text_align:center|color:%234f4f4f|line_height:1.5&#8243; google_fonts=»font_family:Roboto%3A100%2C100italic%2C300%2C300italic%2Cregular%2Citalic%2C500%2C500italic%2C700%2C700italic%2C900%2C900italic|font_style:400%20regular%3A400%3Anormal»][/vc_column][vc_column width=»1/3&#8243;][vc_single_image image=»621&#8243; img_size=»130&#215;130&#8243; alignment=»center»][vc_custom_heading text=»Comunicación Directa<br />
y Liderazgo» font_container=»tag:h2|font_size:17|text_align:center|color:%234f4f4f|line_height:1.5&#8243; google_fonts=»font_family:Roboto%3A100%2C100italic%2C300%2C300italic%2Cregular%2Citalic%2C500%2C500italic%2C700%2C700italic%2C900%2C900italic|font_style:400%20regular%3A400%3Anormal»][/vc_column][vc_column width=»1/3&#8243;][vc_single_image image=»622&#8243; img_size=»130&#215;130&#8243; alignment=»center»][vc_custom_heading text=»Gestión de Prensa y manejo<br />
de crisis comunicacional» font_container=»tag:h2|font_size:17|text_align:center|color:%234f4f4f|line_height:1.5&#8243; google_fonts=»font_family:Roboto%3A100%2C100italic%2C300%2C300italic%2Cregular%2Citalic%2C500%2C500italic%2C700%2C700italic%2C900%2C900italic|font_style:400%20regular%3A400%3Anormal»][/vc_column][/vc_row]</p>

<p>[vc_row][vc_column][vc_custom_heading text=»Servicios» font_container=»tag:h2|font_size:40%20px|text_align:center|color:%23f6a400|line_height:1.5&#8243; google_fonts=»font_family:Roboto%3A100%2C100italic%2C300%2C300italic%2Cregular%2Citalic%2C500%2C500italic%2C700%2C700italic%2C900%2C900italic|font_style:300%20light%20regular%3A300%3Anormal»][vc_zigzag el_width=»20&#8243;][vc_empty_space][/vc_column][/vc_row][vc_row full_width=»stretch_row_content» gap=»30&#8243;][vc_column width=»1/3&#8243;][vc_single_image image=»605&#8243; img_size=»130&#215;130&#8243; alignment=»center»][vc_custom_heading text=»Diagnóstico de Comunicaciones y Diseño Estratégico de planes de comunicación.» font_container=»tag:h2|font_size:17|text_align:center|color:%234f4f4f|line_height:1.5&#8243; google_fonts=»font_family:Roboto%3A100%2C100italic%2C300%2C300italic%2Cregular%2Citalic%2C500%2C500italic%2C700%2C700italic%2C900%2C900italic|font_style:400%20regular%3A400%3Anormal»][/vc_column][vc_column width=»1/3&#8243;][vc_single_image image=»613&#8243; img_size=»130&#215;130&#8243; alignment=»center»][vc_custom_heading text=»Desarrollo Medios de Comunicación corporativa y campañas de marketing interno.» font_container=»tag:h2|font_size:17|text_align:center|color:%234f4f4f|line_height:1.5&#8243; google_fonts=»font_family:Roboto%3A100%2C100italic%2C300%2C300italic%2Cregular%2Citalic%2C500%2C500italic%2C700%2C700italic%2C900%2C900italic|font_style:400%20regular%3A400%3Anormal»][/vc_column][vc_column width=»1/3&#8243;][vc_single_image image=»616&#8243; img_size=»130&#215;130&#8243; alignment=»center»][vc_custom_heading text=»Talleres de Comunicación Efectiva<br />
y definición de Pilares Corporativos.» font_container=»tag:h2|font_size:17|text_align:center|color:%234f4f4f|line_height:1.5&#8243; google_fonts=»font_family:Roboto%3A100%2C100italic%2C300%2C300italic%2Cregular%2Citalic%2C500%2C500italic%2C700%2C700italic%2C900%2C900italic|font_style:400%20regular%3A400%3Anormal»][/vc_column][/vc_row][vc_row full_width=»stretch_row_content» gap=»30&#8243;][vc_column width=»1/3&#8243;][vc_single_image image=»620&#8243; img_size=»130&#215;130&#8243; alignment=»center»][vc_custom_heading text=»Cultura<br />
Organizacional» font_container=»tag:h2|font_size:17|text_align:center|color:%234f4f4f|line_height:1.5&#8243; google_fonts=»font_family:Roboto%3A100%2C100italic%2C300%2C300italic%2Cregular%2Citalic%2C500%2C500italic%2C700%2C700italic%2C900%2C900italic|font_style:400%20regular%3A400%3Anormal»][/vc_column][vc_column width=»1/3&#8243;][vc_single_image image=»621&#8243; img_size=»130&#215;130&#8243; alignment=»center»][vc_custom_heading text=»Comunicación Directa<br />
y Liderazgo» font_container=»tag:h2|font_size:17|text_align:center|color:%234f4f4f|line_height:1.5&#8243; google_fonts=»font_family:Roboto%3A100%2C100italic%2C300%2C300italic%2Cregular%2Citalic%2C500%2C500italic%2C700%2C700italic%2C900%2C900italic|font_style:400%20regular%3A400%3Anormal»][/vc_column][vc_column width=»1/3&#8243;][vc_single_image image=»622&#8243; img_size=»130&#215;130&#8243; alignment=»center»][vc_custom_heading text=»Gestión de &#8230;</p>
